{"id":45,"date":"2020-04-05T16:22:32","date_gmt":"2020-04-05T16:22:32","guid":{"rendered":"http:\/\/jacekwasilewski.pl\/?page_id=45"},"modified":"2020-04-21T17:18:01","modified_gmt":"2020-04-21T17:18:01","slug":"teksty","status":"publish","type":"page","link":"https:\/\/jacekwasilewski.pl\/index.php\/teksty\/","title":{"rendered":"Teksty"},"content":{"rendered":"\n<figure class=\"wp-block-embed-youtube wp-block-embed is-type-video is-provider-youtube wp-embed-aspect-16-9 wp-has-aspect-ratio\"><div class=\"wp-block-embed__wrapper\">\n<iframe loading=\"lazy\" title=\"Wyj\u015bcie Awaryjne. Kurs Podstawowy: Augustyn\" width=\"560\" height=\"315\" src=\"https:\/\/www.youtube.com\/embed\/frqwAwU204M?feature=oembed\" frameborder=\"0\" allow=\"accelerometer; autoplay; encrypted-media; gyroscope; picture-in-picture\" allowfullscreen><\/iframe>\n<\/div><figcaption>Pierwszy odcinek wyk\u0142ad\u00f3w Wyj\u015bcie awaryjne &#8211; Kurs Podstawowy.<\/figcaption><\/figure>\n\n\n\n<figure class=\"wp-block-image size-large\"><a href=\"http:\/\/jacekwasilewski.pl\/index.php\/jezyk-polski-z-ogonkami-i-rozkami\/\"><img loading=\"lazy\" width=\"1024\" height=\"915\" src=\"http:\/\/jacekwasilewski.pl\/wp-content\/uploads\/2020\/04\/jacek-smieje-sie--1024x915.jpg\" alt=\"\" class=\"wp-image-260\" srcset=\"https:\/\/jacekwasilewski.pl\/wp-content\/uploads\/2020\/04\/jacek-smieje-sie--1024x915.jpg 1024w, https:\/\/jacekwasilewski.pl\/wp-content\/uploads\/2020\/04\/jacek-smieje-sie--300x268.jpg 300w, https:\/\/jacekwasilewski.pl\/wp-content\/uploads\/2020\/04\/jacek-smieje-sie--768x687.jpg 768w, https:\/\/jacekwasilewski.pl\/wp-content\/uploads\/2020\/04\/jacek-smieje-sie--1536x1373.jpg 1536w, https:\/\/jacekwasilewski.pl\/wp-content\/uploads\/2020\/04\/jacek-smieje-sie--2048x1831.jpg 2048w, https:\/\/jacekwasilewski.pl\/wp-content\/uploads\/2020\/04\/jacek-smieje-sie--1870x1672.jpg 1870w, https:\/\/jacekwasilewski.pl\/wp-content\/uploads\/2020\/04\/jacek-smieje-sie--400x358.jpg 400w, https:\/\/jacekwasilewski.pl\/wp-content\/uploads\/2020\/04\/jacek-smieje-sie--800x715.jpg 800w\" sizes=\"(max-width: 1024px) 100vw, 1024px\" \/><\/a><figcaption>Projekt &#8211; zajawka ksi\u0105\u017ceczki o gramatyce j\u0119zyka polskiego &#8211; J\u0119zyk polski z ogonkami i r\u00f3\u017ckami <\/figcaption><\/figure>\n\n\n\n<figure class=\"wp-block-video\"><video controls src=\"http:\/\/jacekwasilewski.pl\/wp-content\/uploads\/2020\/04\/marsz-w-bia\u0142ymstoku-1.mp4\"><\/video><figcaption>Wiersz napisany w reakcji na Marsz za R\u00f3wno\u015bci\u0105 Praw w Bia\u0142ymstoku w 2019 roku.<br>m\u00f3wi Tomasz Borkowski oraz Katarzyna Mazurek<\/figcaption><\/figure>\n\n\n\n<div class=\"wp-container-2 wp-block-group\"><div class=\"wp-block-group__inner-container\">\n<div class=\"wp-block-media-text is-stacked-on-mobile\" style=\"grid-template-columns:55% auto\"><figure class=\"wp-block-media-text__media\"><a href=\"http:\/\/jacekwasilewski.pl\/index.php\/piosenki-2\/cycki-narodu-plakat\/\"><img loading=\"lazy\" width=\"512\" height=\"384\" src=\"http:\/\/jacekwasilewski.pl\/wp-content\/uploads\/2020\/04\/cycki-narodu-plakat.jpg\" alt=\"\" class=\"wp-image-193\" srcset=\"https:\/\/jacekwasilewski.pl\/wp-content\/uploads\/2020\/04\/cycki-narodu-plakat.jpg 512w, https:\/\/jacekwasilewski.pl\/wp-content\/uploads\/2020\/04\/cycki-narodu-plakat-300x225.jpg 300w, https:\/\/jacekwasilewski.pl\/wp-content\/uploads\/2020\/04\/cycki-narodu-plakat-400x300.jpg 400w\" sizes=\"(max-width: 512px) 100vw, 512px\" \/><\/a><\/figure><div class=\"wp-block-media-text__content\">\n<div class=\"wp-container-1 wp-block-group\"><div class=\"wp-block-group__inner-container\">\n<p class=\"has-large-font-size\">Teksty piosenek z programu <em>Cycki Narodu<\/em><\/p>\n<\/div><\/div>\n\n\n\n<div class=\"wp-block-file\"><a href=\"http:\/\/jacekwasilewski.pl\/wp-content\/uploads\/2020\/04\/cycki-narodu-opis-obyczajow-1.rtf\">Plik z tekstami <\/a><a href=\"http:\/\/jacekwasilewski.pl\/wp-content\/uploads\/2020\/04\/cycki-narodu-opis-obyczajow-1.rtf\" class=\"wp-block-file__button\" download>Pobierz<\/a><\/div>\n<\/div><\/div>\n<\/div><\/div>\n\n\n\n<p><a href=\"http:\/\/jacekwasilewski.pl\/index.php\/w-pociagu\/\" target=\"_blank\" rel=\"noreferrer noopener\">W poci\u0105gu &#8211; wiersz, kt\u00f3ry rozpocz\u0105\u0142 swoje \u017cycie w internecie <\/a><br><a href=\"https:\/\/www.youtube.com\/watch?v=GMLjISgssqA\" target=\"_blank\" rel=\"noreferrer noopener\">(i zosta\u0142 przypisany Tuwimowi &#8211; patrzcie przez kogo)<\/a><\/p>\n\n\n\n<p><a href=\"http:\/\/jacekwasilewski.pl\/wp-content\/uploads\/2020\/04\/zoo-nowe-teksty.pdf\" target=\"_blank\" rel=\"noreferrer noopener\">Ksi\u0105\u017ceczka z wierszami dla dzieci i mi\u0142a grafik\u0105 z Homework&#8217;u<\/a><\/p>\n\n\n\n<hr class=\"wp-block-separator\"\/>\n\n\n\n<p><a href=\"http:\/\/jacekwasilewski.pl\/wp-content\/uploads\/2020\/04\/bajki-zwierzyniec.pdf\" target=\"_blank\" rel=\"noreferrer noopener\">Bajki o zwierz\u0119tach &#8211; tekst z programu MDM<\/a><\/p>\n\n\n\n<p><a href=\"http:\/\/jacekwasilewski.pl\/index.php\/klasyka-swiatowa-w-3-minuty\/\" target=\"_blank\" rel=\"noreferrer noopener\">Klasyka \u015bwiatowa w 3 minuty &#8211; teksty scenek<\/a><\/p>\n","protected":false},"excerpt":{"rendered":"<p>Teksty piosenek z programu Cycki Narodu W poci\u0105gu &#8211; wiersz, kt\u00f3ry rozpocz\u0105\u0142 swoje \u017cycie w internecie (i zosta\u0142 przypisany Tuwimowi &#8211; patrzcie przez kogo) Ksi\u0105\u017ceczka z wierszami dla dzieci i mi\u0142a grafik\u0105 z Homework&#8217;u Bajki o zwierz\u0119tach &#8211; tekst z programu MDM Klasyka \u015bwiatowa w 3 minuty &#8211; teksty scenek<\/p>\n","protected":false},"author":1,"featured_media":0,"parent":0,"menu_order":0,"comment_status":"closed","ping_status":"closed","template":"","meta":[],"_links":{"self":[{"href":"https:\/\/jacekwasilewski.pl\/index.php\/wp-json\/wp\/v2\/pages\/45"}],"collection":[{"href":"https:\/\/jacekwasilewski.pl\/index.php\/wp-json\/wp\/v2\/pages"}],"about":[{"href":"https:\/\/jacekwasilewski.pl\/index.php\/wp-json\/wp\/v2\/types\/page"}],"author":[{"embeddable":true,"href":"https:\/\/jacekwasilewski.pl\/index.php\/wp-json\/wp\/v2\/users\/1"}],"replies":[{"embeddable":true,"href":"https:\/\/jacekwasilewski.pl\/index.php\/wp-json\/wp\/v2\/comments?post=45"}],"version-history":[{"count":10,"href":"https:\/\/jacekwasilewski.pl\/index.php\/wp-json\/wp\/v2\/pages\/45\/revisions"}],"predecessor-version":[{"id":289,"href":"https:\/\/jacekwasilewski.pl\/index.php\/wp-json\/wp\/v2\/pages\/45\/revisions\/289"}],"wp:attachment":[{"href":"https:\/\/jacekwasilewski.pl\/index.php\/wp-json\/wp\/v2\/media?parent=45"}],"curies":[{"name":"wp","href":"https:\/\/api.w.org\/{rel}","templated":true}]}}